 - 170 = -0*s, -64 = -2*g - 4*s. What is the highest common factor of 558 and g?
18
Suppose -5*z + h + 63 = -16, 2*z = -5*h + 10. What is the greatest common factor of z and 555?
15
Let m be (0 - (-4 + 1)) + (5 - 3). Let y be ((-66)/m)/((-5)/((-25)/(-2))). What is the highest common factor of 11 and y?
11
Let s(j) = -8*j + 96. Let d be s(-13). What is the highest common divisor of 80 and d?
40
Suppose 6 = -2*a, -5*i + 617 = -5*a + 6*a. Calculate the greatest common divisor of i and 2852.
124
Let w be (-3 + -1 + 4)/1. Suppose -4*n - n + 880 = w. Let u be 4/(-10) + 492/30. Calculate the highest common divisor of n and u.
16
Suppose -30*i + 35*i - 2065 = 0. What is the highest common factor of 59 and i?
59
Let d = -167 + 190. Suppose z = -3*z + 736. What is the greatest common factor of d and z?
23
Suppose 4 = 2*w - w. Suppose w*m - m + 4*g = -61, 2*g = -3*m - 59. Let v = -5 - m. What is the highest common divisor of 28 and v?
14
Let u be 42/(-4) - 1/(-2). Let w = 32 + u. Calculate the highest common divisor of w and 33.
11
Let v(k) = -2*k + 69. Let i be v(0). Suppose -i = -2*l + 43. Suppose -2*y + 10 = -3*f, 2*y - 2 = -3*f + 20. What is the highest common divisor of y and l?
8
Suppose 0*z + 2*z = 214. Suppose -3*g - 56 + z = 0. What is the highest common factor of g and 153?
17
Let t be 5 + (-1488)/(-9) - 11/33. Calculate the highest common factor of t and 10.
10
Let o = 945 - 180. What is the highest common divisor of 9 and o?
9
Let z(r) = 5*r - 2. Let q(l) = -l + 1. Let o(m) = 6*q(m) + 3*z(m). Let g be o(2). Suppose 0 = 2*b - 19 - 5. What is the highest common factor of b and g?
6
Suppose 0 = -3*w + 5*w - t - 3, -5*w - 3*t + 2 = 0. Let z be (-128)/4*(-2 + w). Let a = z - 12. What is the greatest common divisor of 4 and a?
4
Let j = 74 - 76. Let o(l) = l + 4 + 7*l**2 + 2*l**2 - 4*l**2. Let d be o(j). Calculate the highest common factor of d and 198.
22
Suppose -2*h = -3*w - 1288, -4*h - 19*w = -20*w - 2596. Calculate the highest common factor of 175 and h.
25
Let i be 301/4 + (-18)/(-24). Let h = 77 - i. Calculate the highest common factor of 2 and h.
1
Let z(v) = v**2 + 9*v + 8. Let m be z(-10). Let b = 30 - m. Let h(n) = 16*n. Let u be h(3). What is the highest common divisor of u and b?
12
Let y be (-12)/(2 + -6) - -4. Let o = 26 - 28. Let j = 51 + o. Calculate the highest common divisor of y and j.
7
Suppose 0 = d + 1 - 4. Let s be (d*3 + -8 + 10)*1. What is the highest common factor of 1 and s?
1
Suppose 0 = -18*w + 61057 + 953. What is the highest common divisor of 65 and w?
65
Suppose -5*l = -20, 2*s + 2*l - 62 = 72. Suppose 0 = 35*o - 32 - 121 - 92. What is the greatest common factor of s and o?
7
Let p be (7 + 1)/((-7)/(-56)). Let y = p - 48. Calculate the highest common factor of 128 and y.
16
Suppose 10*i - 13*i = -21. Suppose i = 4*y + 3. Let p(s) = 30*s**2 - s + 1. Let n be p(y). Calculate the highest common divisor of n and 12.
6
Let m be 57/(9*(-5)/(-15)). What is the greatest common factor of 171 and m?
19
Let i(q) = -q**3 - 19*q**2 - 67*q - 10. Let f be i(-4). Calculate the highest common factor of 7 and f.
1
Suppose -87*u - 30 = -89*u. What is the highest common divisor of u and 25?
5
Let x = 457 + -9. Calculate the greatest common divisor of x and 28.
28
Suppose 1940*w - 90 = 1938*w. Suppose -2*x + 76 = -4*l, 3*x - 22 = 4*l + 84. What is the greatest common divisor of x and w?
15
Let w be (-511)/(70/(-10)) + 5/1. Calculate the greatest common divisor of w and 26.
26
Let y(o) = 4*o - 16. Let b be y(7). Let k = b + -9. Suppose 0 = -k*j + 5*j - 24. What is the greatest common factor of j and 60?
12
Let l = -7 - -5. Let q(d) = d**2 + 2*d + 3. Let z be q(l). Suppose -v - 3*x + z = 0, 19 + 8 = 3*v + 3*x. What is the highest common divisor of 60 and v?
12
Suppose -5*w - 9*m + 175 = -10*m, 4*w - 140 = -2*m. What is the highest common factor of w and 49?
7
Let i be 44/6 + 14/(-42). Let z be (i + -4 - 16)/(-1). What is the highest common factor of z and 13?
13
Suppose 3*h + 4*a = 106, -240 + 46 = -5*h + 2*a. What is the greatest common divisor of h and 22?
2
Let s = -9 - -21. Let l be (3/(-2))/((-3)/84). Let b = 54 + l. Calculate the greatest common factor of s and b.
12
Let n(c) = -6*c**3 - c**2 - 5*c - 4. Let b be n(-1). Let g be -2*(120/25)/(b/(-75)). What is the highest common divisor of 6 and g?
6
Suppose -3*m + 339 = 123. Calculate the highest common factor of 63 and m.
9
Let x = -848 - -884. Calculate the greatest common factor of 384 and x.
12
Suppose 5*a - 215 = -4*m, 5*m + 107 = -5*a + 372. Let r = 90 - m. Suppose -928 = 3*x - 976. Calculate the highest common divisor of r and x.
8
Suppose 74*z + 247 = 87*z. What is the highest common factor of z and 323?
19
Let z be (-1 - -42)/(3/6). Let g = -18 + z. What is the greatest common factor of g and 48?
16
Let f = 1203 + -1197. What is the highest common factor of 171 and f?
3
Suppose -4*h + 0*h - 4 = 0, 5*f - 4*h - 109 = 0. What is the greatest common factor of f and 21?
21
Suppose -4*z - 57 = 5*k - 7*z, 28 = -2*k - 4*z. Let g = 10 + k. Let o be (-2 + g)*49/(-28). What is the greatest common divisor of o and 21?
7
Suppose 13*z = 688 + 1184. Calculate the highest common factor of 108 and z.
36
Let u(w) = -17*w**3 + 2*w + 2. Let d be u(-1). Let j be 2/(108/(-57) + 2). Let k = j - d. Calculate the highest common divisor of 10 and k.
2
Suppose -1367 = -18*h + 1405. Calculate the greatest common divisor of 220 and h.
22
Let l(m) = -7*m**2 + 113*m + 39. Let n be l(16). Calculate the greatest common factor of 2695 and n.
55
Suppose 2*w - 639 = -4*r + 111, 3*w + 3*r = 1140. Let h be (-10)/(-14) - 480/(-14). Calculate the highest common factor of h and w.
35
Let g = 13 - -41. What is the greatest common factor of g and 243?
27
Let l(m) = -2*m - 14. Let s be l(-7). Suppose s = -t + 2*j + 13, 31 = 5*t - t - j. Suppose -50 = -t*w + 2*w. Calculate the greatest common divisor of 10 and w.
10
Suppose 812 = 12*n + 17*n. Calculate the greatest common divisor of 140 and n.
28
Let o = -1 - -3. Suppose 0*r - 46 = -o*r. Suppose 21 = 2*b - r. Calculate the greatest common factor of 11 and b.
11
Let q be 65*(3 + -8 + 9). What is the greatest common factor of 39 and q?
13
Let h(m) = 5*m**2 - m + 7. Let u(f) = 9*f**2 - 2*f + 13. Let k(x) = 11*h(x) - 6*u(x). Let a be k(3). Calculate the greatest common factor of 44 and a.
11
Let x = 4 + 6. Let j = 22 - x. Suppose 0 = -3*z + 105 - j. Calculate the greatest common divisor of z and 31.
31
Suppose 11*x + 10*x = 105. Calculate the highest common factor of x and 5.
5
Suppose 5*h - 298 = 2*l, 2*l - 227 = -4*h - 3. Let p = h + -4. Calculate the highest common divisor of p and 36.
18
Let r(d) = -d**3 - 5*d**2 + 3*d - 10. Let w be r(-6). Let b(o) = o - 3. Let s be b(5). Suppose 36 = a + s*a. Calculate the highest common factor of w and a.
4
Let p be (10 + 5 + -2)/((-1)/(-3)). Suppose -5*i + s = -49, -11*i + p = -7*i - s. Calculate the greatest common factor of 5 and i.
5
Let k = -11 + 15. Suppose -v - 3*j = 3, -v - 4*j = -0*j + k. Let g = 54 - v. Calculate the greatest common divisor of g and 6.
6
Let a be (1 - 4) + (0 - -11). Let v(c) = -c**3 + 7*c**2 + 12*c - 8. Let q be v(8). What is the highest common factor of q and a?
8
Let b(q) = -q**2 + 7*q - 2. Let f be b(5). Let t be 2/4 + 76/f. What is the highest common divisor of 20 and t?
10
Suppose 5*t = -5*l + 5, 2*l - 2 = -4*t - 0. Suppose -c - 2*w = -92, 4*c - w + 4*w - 358 = t. What is the highest common divisor of 8 and c?
8
Let y = -69 - -61. Let k be (-382)/y + 9/36. What is the highest common factor of 6 and k?
6
Let h be 5/3 + (7 - (-140)/(-21)). Suppose -4*q = -3*u + 420, -h*q + q = 3*u - 435. Calculate the greatest common divisor of u and 48.
48
Suppose 14*i = 13*i + 46. Suppose 9*g - i = 206. Calculate the greatest common divisor of g and 70.
14
Let g = 67 + -66. Suppose -q + 4*w = g, -5*q = 4*w - w - 64. What is the greatest common divisor of 11 and q?
11
Let z be (-3)/((-33)/(-262)) + (-10)/55. Let x(q) = q**2 - 5*q + 2. Let w be x(-4). Let v = w + z. What is the greatest common divisor of 14 and v?
14
Let i be 1 - (-11)/(-9) - (-20340)/405. Calculate the greatest common divisor of i and 150.
50
Suppose -706 = -32*l + 638. Calculate the greatest common divisor of l and 28.
14
Suppose -3*b + 11 = -0